173898109?
0
What is the hundred thousands digit of 532137878?
1
What is the thousands digit of 40266254?
6
What is the ten millions digit of 27277880?
2
What is the ten millions digit of 172021412?
7
What is the billions digit of 1151614292?
1
What is the ten millions digit of 147159512?
4
What is the thousands digit of 1465660094?
0
What is the hundred thousands digit of 43781011?
7
What is the tens digit of 200576417?
1
What is the millions digit of 686544122?
6
What is the hundred millions digit of 1004732690?
0
What is the hundred millions digit of 367363413?
3
What is the ten millions digit of 249160961?
4
What is the millions digit of 115676961?
5
What is the millions digit of 1205992977?
5
What is the hundreds digit of 21789131?
1
What is the millions digit of 23204569?
3
What is the ten millions digit of 2334695208?
3
What is the tens digit of 3820582528?
2
What is the units digit of 332782773?
3
What is the millions digit of 9506073?
9
What is the ten millions digit of 105403535?
0
What is the ten millions digit of 537567408?
3
What is the tens digit of 231857583?
8
What is the ten thousands digit of 11416374?
1
What is the thousands digit of 308155251?
5
What is the millions digit of 323510631?
3
What is the ten thousands digit of 5073847282?
4
What is the units digit of 82391357?
7
What is the billions digit of 2309097888?
2
What is the ten thousands digit of 52621439?
2
What is the hundred thousands digit of 604025793?
0
What is the units digit of 14100507?
7
What is the thousands digit of 517690710?
0
What is the ten thousands digit of 54686344?
8
What is the hundreds digit of 1000024010?
0
What is the ten millions digit of 5108449624?
0
What is the ten millions digit of 5419504077?
1
What is the tens digit of 1427519?
1
What is the hundred millions digit of 209489642?
2
What is the ten thousands digit of 405221662?
2
What is the hundred millions digit of 198741750?
1
What is the ten thousands digit of 108614878?
1
What is the millions digit of 39873494?
9
What is the millions digit of 693066833?
3
What is the tens digit of 84764147?
4
What is the millions digit of 3677418?
3
What is the ten thousands digit of 1605283393?
8
What is the units digit of 39606341?
1
What is the millions digit of 412335824?
2
What is the hundreds digit of 226601175?
1
What is the hundred millions digit of 1599090010?
5
What is the tens digit of 6201625313?
1
What is the billions digit of 3020398307?
3
What is the billions digit of 1184691252?
1
What is the units digit of 209858846?
6
What is the tens digit of 41179413?
1
What is the ten millions digit of 26602080?
2
What is the tens digit of 3404437687?
8
What is the ten millions digit of 69465562?
6
What is the ten thousands digit of 83832299?
3
What is the units digit of 28643721?
1
What is the units digit of 636526567?
7
What is the hundred thousands digit of 17512354?
5
What is the ten thousands digit of 36595982?
9
What is the ten thousands digit of 115313597?
1
What is the tens digit of 1215173384?
8
What is the hundred thousands digit of 2192808419?
8
What is the hundred thousands digit of 71314303?
3
What is the thousands digit of 424425937?
5
What is the hundreds digit of 157215667?
6
What is the tens digit of 1502642152?
5
What is the ten millions digit of 1152392251?
5
What is the millions digit of 17858806?
7
What is the millions digit of 501812103?
1
What is the millions digit of 2010444513?
0
What is the thousands digit of 1181990528?
0
What is the tens digit of 85239013?
1
What is the units digit of 3534582039?
9
What is the ten millions digit of 1194126854?
9
What is the ten millions digit of 91652255?
9
What is the hundred thousands digit of 5841874241?
8
What is the millions digit of 792801591?
2
What is the ten millions digit of 82689952?
8
What is the millions digit of 731947609?
1
What is the hundred thousands digit of 179379170?
3
What is the millions digit of 782403626?
2
What is the hundred thousands digit of 5213174229?
1
What is the ten millions digit of 58275420?
5
What is the hundred thousands digit of 53637291?
6
What is the thousands digit of 239956946?
6
What is the ten thousands digit of 95542677?
4
What is the ten millions digit of 72383171?
7
What is the hundred thousands digit of 112947997?
9
What is the hundreds digit of 47535421?
4
What is the ten thousands digit of 349051129?
5
What is the ten millions digit of 18667331?
1
What is the tens digit of 6136423?
2
What is the units digit of 24865708?
8
What is the units digit of 859280088?
8
What is the hundred thousands digit of 1755766014?
7
What is the units digit of 17055173?
3
What is the millions digit of 827745202?
7
What is the tens digit of 1513089098?
9
What is the hundred thousands digit of 5369026751?
0
What is the tens digit of 4746193071?
7
What is the hundred thousands digit of 68952560?
9
What is the units digit of 576452219?
9
What is the thousands digit of 611109636?
9
What is the tens digit of 1623245841?
4
What is the thousands digit of 1150441980?
1
What is the ten millions digit of 39521378?
3
What is the units digit of 636051393?
3
What is the millions digit of 134662341?
4
What is the tens digit of 2232682014?
1
What is the thousands digit of 219158872?
8
What is the hundreds digit of 174979387?
3
What is the thousands digit of 1271081520?
1
What is the ten thousands digit of 360033581?
3
What is the hundreds digit of 2476208?
2
What is the hundred millions digit of 917021492?
9
What is the thousands digit of 41664613?
4
What is the ten millions digit of 32711650?
3
What is the units digit of 628801630?
0
What is the tens digit of 181077950?
5
What is the hundred millions digit of 371322789?
3
What is the hundred thousands digit of 3453537867?
5
What is the thousands digit of 52578263?
8
What is the ten thousands digit of 1932184041?
8
What is the units digit of 108546721?
1
What is the thousands digit of 102398273?
8
What is the hundred thousands digit of 1904386764?
3
What is the hundred millions digit of 5854543893?
8
What is the ten millions digit of 602803087?
0
What is the tens digit of 20265484?
8
What is the millions digit of 532476314?
2
What is the ten thousands digit of 27871820?
7
What is the thousands digit of 1336243517?
3
What is the units digit of 7148468?
8
What is the hundred millions digit of 1270661659?
2
What is the ten thousands digit of 25907728?
0
What is the tens digit of 23050297?
9
What is the hundred millions digit of 399229531?
3
What is the hundred millions digit of 453930694?
4
What is the thousands digit of 228651363?
1
What is the thousands digit of 3157193414?
3
What is the millions digit of 341966438?
1
What is the units digit of 58107285?
5
What is the units digit of 464815221?
1
What is the hundred millions digit of 1144526718?
1
What is the units digit of 299437964?
4
What is the thousands digit of 69532364?
2
What is the ten thousands digit of 2303001356?
0
What is the millions digit of 45171041?
5
What is the hundred thousands digit of 31159606?
1
What is the ten thousands digit of 3202840792?
4
What is the hundred thousands digit of 184981863?
9
What is the units digit of 1816365038?
8
What is the tens digit of 38353629?
2
What is the millions digit of 20585897?
0
What is the units digit of 1777701569?
9
What is the hundred thousands digit of 361540521?
5
What is the thousands digit of 79795882?
5
What is the tens digit of 176256507?
0
What is the ten millions digit of 2078275513?
7
What is the ten thousands digit of 31843375?
4
What is the hundreds digit of 47339195?
1
What is the ten millions digit of 3213455799?
1
What is the ten millions digit of 838203967?
3
What is the millions digit of 1173927814?
3
What is the ten millions digit of 31312657?
3
What is the hundred thousands digit of 755526931?
5
What is the thousands digit of 26769343?
9
What is the ten thousands digit of 1790853718?
5
What is the ten thousands digit of 1687456073?
5
What is the hundreds digit of 55325178?
1
What is the tens digit of 707674480?
8
What is the hundreds digit of 456109829?
8
What is the millions digit of 2525575595?
5
What is the hundreds digit of 115609396?
3
What is the hundred millions digit of 7108147388?
1
What is the ten millions digit of 697844148?
9
What 